+ 3. Suppose -3*b + 36 = -4*g + g, b - 6 = -2*g. What is u(b)?
-7
Let y = -73 + 74. Let u(v) = 4*v**2 - v. Give u(y).
3
Suppose 5*q - 2*q - 6 = 0. Let z = -27 - -29. Let p(y) = -9*y**3 + 3*y**z - 7*y**q + 10*y**3 - 2*y**2 + 5. Give p(6).
5
Let c(g) = 2 - 1 - 3*g**2 - 2 + 4*g + g**3. Let j be 36/(-45) - 19/10*-2. What is c(j)?
11
Let q(z) = 4*z - 12. Let m = 764 - 754. Give q(m).
28
Suppose 42*m - 44*m = 8. Let h be (-4)/((-12)/(-15)) - (m + 2). Let d(u) = -u**3 - u**2 + 4*u + 2. Calculate d(h).
8
Let t(k) = -2*k - 37. Let p be (-10)/4*(1232/20)/11. What is t(p)?
-9
Let n(b) = b - 13. Let u be (-23 - -37)*(-1)/(-2). Give n(u).
-6
Let c(k) = -k**3 - 3*k**2 - 8*k + 5. Suppose 2*w = -0*w + 6. Let r(h) = 17*h + 4*h**2 + h**2 - 5 - h**3 - 6 + 4*h**w. Let u(i) = 5*c(i) + 2*r(i). Give u(6).
3
Let o(y) = 0*y + 2*y**2 + 3*y + y**2 - 1 + 2*y - 3*y. Calculate o(1).
4
Let m be ((-10)/15)/(4/222). Let j = m + 13. Let x = j - -20. Let t(y) = y**3 + 4*y**2 + 3*y + 6. What is t(x)?
-6
Let f(r) = -49 + 0*r - 43 - 55 - 3*r + 155. Determine f(4).
-4
Let s(y) = 3*y**2 + 1. Let m be s(-1). Suppose 0 = -2*k + 4*k + k. Let v(t) = 0*t**3 + k*t + t**3 - 96*t**2 + t + 5 + 91*t**2. Calculate v(m).
-7
Let v(c) = 2*c - 3. Suppose 0*a - 3*a + 6 = 0. Suppose 315 = 50*u + 13*u. Suppose -u*h + 11 = a*j, 5*h - 5*j + 1 = 26. What is v(h)?
3
Let r(w) = 8*w + 38. Let f(b) = -b - 12. Let n(q) = -16*f(q) - 5*r(q). Calculate n(2).
-46
Let u(j) = j**3 - 4*j**2 + j + 4. Suppose -3*h + 19 = 2*v, -4*h + 3*v + 7 = 10. Calculate u(h).
-2
Let y(l) = l**3 + 3*l**2 - 3*l. Suppose -4*h = -0*i - 4*i + 104, 0 = 3*i + h - 70. Suppose 11*w + 9 = -i. Give y(w).
9
Let s = -1 + 2. Let q be 1*(s + (5 - 4)). Let x(z) = q*z**2 + 2*z**3 + 0 - 2 + 0 + z - 4*z. Give x(-2).
-4
Let y(r) = -r - 7. Let f be y(-10). Suppose -f*g - 12 = 5*d, -5*d - 5*g = -0*d + 20. Let o(k) = 0*k - 7 - 2*k**2 - k + k**2 + 2*k**2. Calculate o(d).
-7
Let i(q) = 21*q**2 - 2*q - 1. Let d be i(-1). Let a = -16 + d. Let g(n) = n + 5. Let b(w) = -w + 2. Let z(s) = b(s) - g(s). Determine z(a).
-15
Let w(x) be the third derivative of 0*x - 1/8*x**4 - 1/60*x**5 - 12*x**2 + 0 + 2/3*x**3. Calculate w(-3).
4
Let w(n) = n**2 + 5*n - 1. Let k be 1/3*-2*-3. Let o(h) = 5*h + 2 - 1 - 4 + k. Let f be o(-1). Determine w(f).
5
Let j = -7 + 13. Let i(c) = 18622*c - 2*c**2 - 18616*c + c**2 - 9. Calculate i(j).
-9
Let v(m) be the second derivative of -m**3 - 159*m - 1. What is v(-4)?
24
Suppose -43*s + 12*s = 93. Let o(b) = b**2 - 4*b - 7. Calculate o(s).
14
Let a(k) = 4 - 64*k**3 - 3*k - 4*k**2 + 66*k**3 + 3*k**2. Let i(b) = -2*b**3 + 2*b - 4. Let m(j) = -3*a(j) - 2*i(j). Suppose 3*h + h = 12. Give m(h).
-16
Suppose 0 = -s - 2*j, -3*s = -2*j - j + 9. Let w(y) = -11*y - 3. Give w(s).
19
Let z(j) = 4*j - 2. Let w(v) = v**2 - 7*v - 8. Let i(h) = 2*h**2 - 15*h - 17. Let o(y) = 6*i(y) - 13*w(y). Let c be o(0). Determine z(c).
6
Let i(d) = -4*d + 1. Let j be (140/15 - 7)*3. Calculate i(j).
-27
Let t be -6 - (1/1)/((-17)/102). Let r(u) = -u**3 - u**2 - u + 20. Calculate r(t).
20
Suppose -28 = 7*y - 35. Let b(l) = -2 + 2 - 4*l - y - 2. Determine b(-2).
5
Let v(l) be the second derivative of l**7/840 + l**6/720 + l**5/120 + l**4 + 18*l. Let o(f) be the third derivative of v(f). Determine o(-2).
11
Let x(w) = -w**3 + 6*w**2 - 4*w - 5. Let p be (5/(-2))/(3/(-6)). Let z be x(p). Let s(y) = -1 - 4*y**2 + 3*y**2 + y + z. Determine s(-2).
-7
Let x(q) = q**2 - 90*q + 179. Let h be x(2). Let o(c) be the second derivative of -1/20*c**5 - 1/2*c**2 - 5/6*c**h - 1/2*c**4 - c + 0. Calculate o(-5).
-1
Let o = -12 - -10. Let w be o/9 + 6/27. Suppose 6*y - y = w. Let b(n) = n**3 - n**2 + n + 10. Give b(y).
10
Let j(m) = 5*m**3 + 6*m**2 - 8. Let c(p) = 9*p**3 + 12*p**2 - 15. Let y(v) = -4*c(v) + 7*j(v). Suppose 4*o = 3*o + 5. Suppose o*l - l = -24. Determine y(l).
4
Let j(t) = t**3 + 5*t**2 - 5*t - 8. Suppose 5*x + 3*g - 42 = 0, 2*x + 2*x + g = 28. Let z(b) = -b. Let q be z(x). What is j(q)?
-14
Suppose 3*n + 0*d + 2*d - 1 = 0, 3*n + d = 5. Let a = 26 + -24. Let y(v) = v - 1 + v**3 - 6*v**a + 4*v**2 - 2*v**2. Give y(n).
-7
Let j(l) = l**2 - 5*l - 6. Let g be j(8). Suppose 0 = 3*m - 4*r + 23 + 11, 3*r = m + g. Let f(z) = z + 10. Determine f(m).
4
Let j(q) = q**2 - 6*q - 21. Suppose 40 = -w + 48. Let v be j(w). Let l(p) = p + 1. What is l(v)?
-4
Let q be 1 - 49/42 - 182/(-12). Let o(r) = r + 7. Let i be o(-4). Let v(l) = i - 5 - q + 1 + l**3. Determine v(0).
-16
Let o = -10 + 6. Let d(g) = 2*g**2 + 10*g + 8. Let j(z) be the second derivative of -z**4/12 - 5*z**3/6 - 2*z**2 + 10*z. Let h(n) = -4*d(n) - 9*j(n). Give h(o).
0
Let b(x) = 5*x**2 + 7*x - 1. Let j(k) = -4*k**2 - 7*k. Let g(z) = 3*b(z) + 4*j(z). Let r be (-30)/(-4)*(-24)/30*1. What is g(r)?
3
Let a = 280 + -265. Let f(k) = -k**3 + 16*k**2 - 16*k - 4. Give f(a).
-19
Suppose 0 = 5*k - 4*m + 17 - 15, 0 = -2*k - 5*m + 19. Let j(n) = 7*n**2 + 3*n - 3. What is j(k)?
31
Let p = -81 - -95. Let r(c) = -10*c - 1 - 5*c + p*c. Calculate r(1).
-2
Let t(j) be the second derivative of -j**4/12 + 2*j**3/3 + 7*j**2/2 - 13*j + 3. Determine t(5).
2
Suppose 2*s = -3*w - 2*w + 13, 4*w + 5*s - 24 = 0. Let v(y) = 2*y**2 - w + 2*y**2 + 5*y**3 - 5*y**2 + y + 3*y**3. Suppose 10*f - 5 = 5*f. Calculate v(f).
7
Let n(x) = 23*x**2 - 2*x**3 + 2*x**3 - x**3 - 6 - 16*x**2 - 2*x. Let b(s) = s**3 - 7*s**2 + 3*s + 6. Let v(h) = -3*b(h) - 4*n(h). Determine v(7).
-1
Let o(d) = -10*d + 1. Let a = -3 - -2. Let h be 1/a + (-7)/(-7). Suppose h = -3*u + 12 - 9. Calculate o(u).
-9
Let o = -10 + 25. Suppose 4*f - 1 - 19 = 0. Suppose f*l - 5 = -o. Let k(x) = 3*x + 2. Calculate k(l).
-4
Suppose -1 = x, 0 = 3*s + 2*s + 3*x - 22. Let m = s - 8. Let t(p) = -2*p - 3. Determine t(m).
3
Let t(k) be the second derivative of -k**4/12 - 3*k**3/2 - 7*k**2 - 5*k + 1. What is t(-5)?
6
Let f = -22 + 24. Let d(r) = -1420 + 4*r**f + 1420. Give d(-2).
16
Let x(y) = -2*y**2 - 17*y - 8. Let s(t) = -t**2 - 8*t - 4. Suppose 0 = 2*c + c + g + 10, 3*c - 2 = 2*g. Let v(u) = c*x(u) + 5*s(u). Determine v(-4).
4
Let n(l) = 2*l + 14. Suppose 0*h - 2*o + 48 = -4*h, 0 = 3*o. Give n(h).
-10
Suppose -8 = 4*l - 3*m, 5*l - m + 33 = -3*m. Let j(v) = -v**2 - 4*v - 5. Give j(l).
-10
Let k(a) = -8*a - 6. Suppose -2*w = -5*w + l - 21, -4*w = 2*l + 18. Determine k(w).
42
Let r be (-576)/(-480)*((-15)/2)/(-1). Let c(a) = a**3 - 9*a**2 + 3*a + 6. Calculate c(r).
33
Suppose 0 = -2*q + 62 - 58. Let o(t) = t**2 + 1. Calculate o(q).
5
Let n(z) be the third derivative of z**3/6 + 2*z**2. Let i(t) = 7*t - 6. Let b be -5 - (2/7 - (-105)/147). Let h(d) = b*n(d) - i(d). Determine h(-1).
7
Let z(l) = 141641*l**3 - 141642*l**3 - l + 3 + 1. Let n(j) = 2*j + 11. Let m(v) = -v - 6. Let w(b) = -5*m(b) - 3*n(b). Let t be w(-3). Calculate z(t).
4
Let j(p) = p + 17. Let h = 1961 + -1981. Determine j(h).
-3
Let t(w) = -25*w + 57. Let l(y) = 9*y - 19. Let m(v) = 8*l(v) + 3*t(v). Calculate m(5).
4
Let m(g) = 13*g**2 - 6*g + 2. Let d(u) = 11*u**2 - 6*u + 1. Let y(b) = -6*d(b) + 5*m(b). What is y(6)?
4
Let k = -87 + 76. Let u(r) = -r**2 - 11*r + 1. Give u(k).
1
Let v(b) = -2064 + 4123 - 2070 - 3*b. Calculate v(-5).
4
Let m(t) = 11661 - 5*t + t + 2*t**3 - 11661 - 5*t**2 - 3*t**3. Calculate m(-4).
0
Suppose 0 = -59*m + 28 - 28. Suppose 0 = -2*z - 6*q + 3*q - 23, 4*z + q = -21. Let l = z + m. Let j(h) = -h**3 - 4*h**2 + h + 5. Determine j(l).
1
Let c(y) = y**3 - 7*y**2 - 7*y - 2. Let i = 1098 + -1091. Give c(i).
-51
Let t be -2 - (0 - (0 + 2)). Let s(z) = -5*z - 1. Let k(y) be the first derivative of y**2/2 - 6. Let j(i) = -4*k(i) - s(i). Give j(t).
1
Let t(u) = u - 15. Suppose 0 = -74*h + 71*h + 21. What is t(h)?
-8
Let p(r) = -r. Let h be ((-2)/(-4))/(3/30). Let y be (-3 - -3)/(1 + 1). Suppose -3*d = -h*u + 38, 2*d - 4 = -4*u - y. Calculate p(d).
6
Let h = -37 - -118. Let g = -74 + h. Let x(i) = -i**3 + 8*i**2 - 6*i - 10. Calculate x(g).
-3
Let v(d) = d**2 + 7*d - 2. Suppose -3*l - 13 = f + l, -3*f - 4*l = -1. Suppose -z = 3*a + 22, -f*z - 20 = -2*z. Let o be 60/18*a/4. Determine v(o).
-12
Let k be 1/7 - 2737/(-49). Let u be (-6)/(-14) - 80/k. Let f(r) = -3*r. Give f(u).
3
Let k(f) = 11*f + 16. Let z(q) = 4*q + 5. Let m(w) = -3*k(w) + 8*z(w). Let a = 56 - 64. Calculate m(a).
0
Suppose 19 - 28 = -3*s. Let h(a) = 5*a**2 + 4 - 8